{"id":18,"date":"2022-06-27T13:47:24","date_gmt":"2022-06-27T13:47:24","guid":{"rendered":"https:\/\/www.eh-tu.cz\/?page_id=18"},"modified":"2025-09-09T11:12:12","modified_gmt":"2025-09-09T11:12:12","slug":"belli","status":"publish","type":"page","link":"https:\/\/www.eh-tu.cz\/?page_id=18","title":{"rendered":"Belli"},"content":{"rendered":"\n<p><strong>Bellissimo Vita Viva la Vida Loca<\/strong><\/p>\n\n\n\n<figure class=\"wp-block-image size-large is-resized\"><img loading=\"lazy\" decoding=\"async\" width=\"1024\" height=\"634\" src=\"http:\/\/www.eh-tu.cz\/wp-content\/uploads\/2022\/06\/Belli-12-e1659533683963-1024x634.jpg\" alt=\"\" class=\"wp-image-73\" style=\"width:840px;height:520px\" srcset=\"https:\/\/www.eh-tu.cz\/wp-content\/uploads\/2022\/06\/Belli-12-e1659533683963-1024x634.jpg 1024w, https:\/\/www.eh-tu.cz\/wp-content\/uploads\/2022\/06\/Belli-12-e1659533683963-300x186.jpg 300w, https:\/\/www.eh-tu.cz\/wp-content\/uploads\/2022\/06\/Belli-12-e1659533683963-768x475.jpg 768w, https:\/\/www.eh-tu.cz\/wp-content\/uploads\/2022\/06\/Belli-12-e1659533683963.jpg 1230w\" sizes=\"auto, (max-width: 1024px) 100vw, 1024px\" \/><\/figure>\n\n\n\n<p style=\"font-size:15px\">Bellissimo Vita (n\u00e1dhern\u00fd \u017eivot) &#8211; to na\u0161e Belli pro\u017e\u00edv\u00e1. Belli je narozen\u00e1 ve stejn\u00fd den, kdy ode\u0161la na\u0161e prvn\u00ed fene\u010dka Affra za duhov\u00fd most. R\u00e1da bych v\u011b\u0159ila, \u017ee ta ps\u00ed du\u0161i\u010dka se pouze p\u0159est\u011bhovala a v t\u011bl\u00ed\u010dku Belli pokra\u010duje jej\u00ed pou\u0165 na tomto sv\u011bt\u011b :-). <\/p>\n\n\n\n<p style=\"font-size:15px\">Belli je velice mil\u00e1 a kamar\u00e1dsk\u00e1 fenka. Vyr\u016fstala v panel\u00e1kov\u00e9m dom\u011b, kde se jej\u00ed \u017eiv\u00fd temperament nemohl moc projevit. Nyn\u00ed ji\u017e bydl\u00ed v mal\u00e9m dome\u010dku na \u00fapat\u00ed Beskyd a mysl\u00edm si, \u017ee si to n\u00e1ramn\u011b u\u017e\u00edv\u00e1. V l\u00e9t\u011b se vyh\u0159\u00edv\u00e1 na slun\u00ed\u010dku, nebo se proh\u00e1n\u00ed po zahrad\u011b. Miluje dlouh\u00e9 proch\u00e1zky a kdy\u017e se naskytne p\u0159\u00edle\u017eitost a n\u011bco se pohne, tak se v n\u00ed probud\u00ed to prav\u00e9 loveck\u00e9 srd\u00ed\u010dko.<\/p>\n\n\n\n<p style=\"font-size:15px\">V\u00fdstav\u00e1m Belli moc neholduje, a tak je bereme tzv. &#8222;s rezervou&#8220;.<\/p>\n\n\n\n<p style=\"font-size:15px\">Belli zvl\u00e1d\u00e1 z\u00e1kladn\u00ed poslu\u0161nost &#8220; v mez\u00edch povahy basen\u017e\u00edka&#8220; a piln\u011b tr\u00e9nuje d\u00e1le.<\/p>\n\n\n\n<p style=\"font-size:15px\">Coursing (lov st\u0159apce) je discipl\u00edna, kterou miluje. Je zvl\u00e1\u0161tn\u00ed, \u017ee p\u0159ed startem se Belli jev\u00ed, \u017ee by si nejrad\u011bji lehla n\u011bkde na slun\u00ed\u010dko a vyh\u0159\u00edvala se, ale jakmile usly\u0161\u00ed slovo &#8222;go&#8220; st\u00e1v\u00e1 se z n\u00ed lovec t\u011blem i du\u0161\u00ed. <\/p>\n\n\n\n<p style=\"font-size:15px\">Na ja\u0159e 2022 jsme si k Belli po\u0159\u00eddili Beverly, aby m\u011bla mo\u017enost \u017e\u00edt ve sme\u010dce. Zat\u00edm se zd\u00e1, \u017ee Bev se stav\u00ed od po\u010d\u00e1tku do pozice &#8222;alfy&#8220; (uvid\u00edme, co p\u0159inese \u010das). Belli o Bev pe\u010duje &#8211; chud\u00e1k, uh\u00fdb\u00e1 z pelechu, ze slune\u010dn\u00fdch m\u00edst, olizuje Bev, kdy\u017e je mokr\u00e1, neust\u00e1le sn\u00e1\u0161\u00ed jej\u00ed dov\u00e1d\u011bn\u00ed.<\/p>\n\n\n\n<hr class=\"wp-block-separator has-alpha-channel-opacity\"\/>\n\n\n\n<p>Narozena: 20.12.2019 (druhorozen\u00e1 z p\u011bti)<\/p>\n\n\n\n<p>Barva: \u017e\u00edhan\u00e1<\/p>\n\n\n\n<p>V\u00fd\u0161ka: 39 cm<\/p>\n\n\n\n<p>Strava: Barf<\/p>\n\n\n\n<p><a href=\"https:\/\/www.eh-tu.cz\/wp-content\/uploads\/2022\/07\/rodokmen-www-1-e1658895795211.jpg\" data-type=\"attachment\" data-id=\"217\">Rodokmen<\/a>: <\/p>\n\n\n\n<p>Matka: <a href=\"https:\/\/vivalavidaloca.webnode.cz\/\" target=\"_blank\" rel=\"noreferrer noopener\">Amia Kimombo<\/a><\/p>\n\n\n\n<p>Otec: <a href=\"http:\/\/www.astheniabasenji.com\/\" target=\"_blank\" rel=\"noreferrer noopener\">Kwame Ekibondo<\/a><\/p>\n\n\n\n<p><a rel=\"noreferrer noopener\" href=\"https:\/\/www.eh-tu.cz\/wp-content\/uploads\/2022\/07\/FS.jpg\" data-type=\"attachment\" data-id=\"218\" target=\"_blank\">Fanconio syndrom<\/a>: \u010dist\u00e1<\/p>\n\n\n\n<p><a href=\"http:\/\/www.eh-tu.cz\/wp-content\/uploads\/2022\/07\/PRA.jpg\" data-type=\"URL\" data-id=\"http:\/\/www.eh-tu.cz\/wp-content\/uploads\/2022\/07\/PRA.jpg\">DNA PRA<\/a> B\/1 normal\/\u010dist\u00e1<\/p>\n\n\n\n<p><a rel=\"noreferrer noopener\" href=\"https:\/\/www.eh-tu.cz\/wp-content\/uploads\/2022\/07\/oci-PPM.jpg\" data-type=\"attachment\" data-id=\"220\" target=\"_blank\">O\u010di<\/a>: <\/p>\n\n\n\n<p>PRA \u010dist\u00e1 <\/p>\n\n\n\n<p>PPM Iris &#8211; Iris<\/p>\n\n\n\n<p><a rel=\"noreferrer noopener\" href=\"https:\/\/www.eh-tu.cz\/wp-content\/uploads\/2022\/07\/Trigen.jpg\" data-type=\"attachment\" data-id=\"228\" target=\"_blank\">Trigen<\/a>: a<sup>y<\/sup>\/a<sup>y<\/sup><\/p>\n\n\n\n<p>Zuby: plnochrup\u00e1<\/p>\n\n\n\n<p>Bonitace: 2021<\/p>\n\n\n\n<hr class=\"wp-block-separator has-alpha-channel-opacity\"\/>\n\n\n\n<p style=\"font-size:15px\"><strong>V\u00fdstavy:<\/strong><\/p>\n\n\n\n<p style=\"font-size:15px\">VD &#8211; KV Chr\u017e\u00edn 2021 <\/p>\n\n\n\n<p style=\"font-size:15px\">VD &#8211; SV Doln\u00ed Morava  2021<\/p>\n\n\n\n<p style=\"font-size:15px\"><strong>V1 CAC NV BOS &#8211; NV Olomouc 2021<\/strong><\/p>\n\n\n\n<p style=\"font-size:15px\"><strong>Coursing:<\/strong><\/p>\n\n\n\n<p style=\"font-size:15px\"><strong>BKB Congo Cup Podmitrov 2022 &#8211; 1. m\u00edsto, NEJ AMAT\u00c9R, BOS<\/strong><\/p>\n\n\n\n<p style=\"font-size:15px\">BKB Kongo Cup K\u0159i\u017eanov 2025 &#8211; 4. m\u00edsto <\/p>\n\n\n\n<figure class=\"wp-block-gallery has-nested-images columns-default is-cropped wp-block-gallery-1 is-layout-flex wp-block-gallery-is-layout-flex\">\n<figure class=\"wp-block-image size-large\"><img loading=\"lazy\" decoding=\"async\" width=\"1024\" height=\"683\" data-id=\"135\" src=\"https:\/\/www.eh-tu.cz\/wp-content\/uploads\/2022\/07\/DSC_0001-1024x683.jpg\" alt=\"\" class=\"wp-image-135\" srcset=\"https:\/\/www.eh-tu.cz\/wp-content\/uploads\/2022\/07\/DSC_0001-1024x683.jpg 1024w, https:\/\/www.eh-tu.cz\/wp-content\/uploads\/2022\/07\/DSC_0001-300x200.jpg 300w, https:\/\/www.eh-tu.cz\/wp-content\/uploads\/2022\/07\/DSC_0001-768x512.jpg 768w, https:\/\/www.eh-tu.cz\/wp-content\/uploads\/2022\/07\/DSC_0001-1536x1024.jpg 1536w, https:\/\/www.eh-tu.cz\/wp-content\/uploads\/2022\/07\/DSC_0001-2048x1365.jpg 2048w\" sizes=\"auto, (max-width: 1024px) 100vw, 1024px\" \/><\/figure>\n<\/figure>\n\n\n\n<figure class=\"wp-block-image size-large\"><img loading=\"lazy\" decoding=\"async\" width=\"1024\" height=\"683\" src=\"http:\/\/www.eh-tu.cz\/wp-content\/uploads\/2022\/08\/DSC_6418-1024x683.jpg\" alt=\"\" class=\"wp-image-326\" srcset=\"https:\/\/www.eh-tu.cz\/wp-content\/uploads\/2022\/08\/DSC_6418-1024x683.jpg 1024w, https:\/\/www.eh-tu.cz\/wp-content\/uploads\/2022\/08\/DSC_6418-300x200.jpg 300w, https:\/\/www.eh-tu.cz\/wp-content\/uploads\/2022\/08\/DSC_6418-768x512.jpg 768w, https:\/\/www.eh-tu.cz\/wp-content\/uploads\/2022\/08\/DSC_6418-1536x1024.jpg 1536w, https:\/\/www.eh-tu.cz\/wp-content\/uploads\/2022\/08\/DSC_6418-2048x1365.jpg 2048w\" sizes=\"auto, (max-width: 1024px) 100vw, 1024px\" \/><\/figure>\n","protected":false},"excerpt":{"rendered":"<p>Bellissimo Vita Viva la Vida Loca Bellissimo Vita (n\u00e1dhern\u00fd \u017eivot) &#8211; to na\u0161e Belli pro\u017e\u00edv\u00e1. Belli je narozen\u00e1 ve stejn\u00fd den, kdy ode\u0161la na\u0161e prvn\u00ed fene\u010dka Affra za duhov\u00fd most. R\u00e1da bych v\u011b\u0159ila, \u017ee ta ps\u00ed du\u0161i\u010dka se pouze p\u0159est\u011bhovala a v t\u011bl\u00ed\u010dku Belli pokra\u010duje jej\u00ed pou\u0165 na tomto sv\u011bt\u011b :-). Belli je velice mil\u00e1 [&hellip;]<\/p>\n","protected":false},"author":1,"featured_media":0,"parent":0,"menu_order":0,"comment_status":"closed","ping_status":"closed","template":"","meta":{"footnotes":""},"class_list":["post-18","page","type-page","status-publish","hentry"],"_links":{"self":[{"href":"https:\/\/www.eh-tu.cz\/index.php?rest_route=\/wp\/v2\/pages\/18","targetHints":{"allow":["GET"]}}],"collection":[{"href":"https:\/\/www.eh-tu.cz\/index.php?rest_route=\/wp\/v2\/pages"}],"about":[{"href":"https:\/\/www.eh-tu.cz\/index.php?rest_route=\/wp\/v2\/types\/page"}],"author":[{"embeddable":true,"href":"https:\/\/www.eh-tu.cz\/index.php?rest_route=\/wp\/v2\/users\/1"}],"replies":[{"embeddable":true,"href":"https:\/\/www.eh-tu.cz\/index.php?rest_route=%2Fwp%2Fv2%2Fcomments&post=18"}],"version-history":[{"count":66,"href":"https:\/\/www.eh-tu.cz\/index.php?rest_route=\/wp\/v2\/pages\/18\/revisions"}],"predecessor-version":[{"id":592,"href":"https:\/\/www.eh-tu.cz\/index.php?rest_route=\/wp\/v2\/pages\/18\/revisions\/592"}],"wp:attachment":[{"href":"https:\/\/www.eh-tu.cz\/index.php?rest_route=%2Fwp%2Fv2%2Fmedia&parent=18"}],"curies":[{"name":"wp","href":"https:\/\/api.w.org\/{rel}","templated":true}]}}

<p><strong>Bellissimo Vita Viva la Vida Loca</strong></p>



<figure class="wp-block-image size-large is-resized"><img loading="lazy" decoding="async" width="1024" height="634" src="http://www.eh-tu.cz/wp-content/uploads/2022/06/Belli-12-e1659533683963-1024x634.jpg" alt="" class="wp-image-73" style="width:840px;height:520px" srcset="https://www.eh-tu.cz/wp-content/uploads/2022/06/Belli-12-e1659533683963-1024x634.jpg 1024w, https://www.eh-tu.cz/wp-content/uploads/2022/06/Belli-12-e1659533683963-300x186.jpg 300w, https://www.eh-tu.cz/wp-content/uploads/2022/06/Belli-12-e1659533683963-768x475.jpg 768w, https://www.eh-tu.cz/wp-content/uploads/2022/06/Belli-12-e1659533683963.jpg 1230w" sizes="auto, (max-width: 1024px) 100vw, 1024px" /></figure>



<p style="font-size:15px">Bellissimo Vita (nádherný život) &#8211; to naše Belli prožívá. Belli je narozená ve stejný den, kdy odešla naše první fenečka Affra za duhový most. Ráda bych věřila, že ta psí dušička se pouze přestěhovala a v tělíčku Belli pokračuje její pouť na tomto světě :-). </p>



<p style="font-size:15px">Belli je velice milá a kamarádská fenka. Vyrůstala v panelákovém domě, kde se její živý temperament nemohl moc projevit. Nyní již bydlí v malém domečku na úpatí Beskyd a myslím si, že si to náramně užívá. V létě se vyhřívá na sluníčku, nebo se prohání po zahradě. Miluje dlouhé procházky a když se naskytne příležitost a něco se pohne, tak se v ní probudí to pravé lovecké srdíčko.</p>



<p style="font-size:15px">Výstavám Belli moc neholduje, a tak je bereme tzv. &#8222;s rezervou&#8220;.</p>



<p style="font-size:15px">Belli zvládá základní poslušnost &#8220; v mezích povahy basenžíka&#8220; a pilně trénuje dále.</p>



<p style="font-size:15px">Coursing (lov střapce) je disciplína, kterou miluje. Je zvláštní, že před startem se Belli jeví, že by si nejraději lehla někde na sluníčko a vyhřívala se, ale jakmile uslyší slovo &#8222;go&#8220; stává se z ní lovec tělem i duší. </p>



<p style="font-size:15px">Na jaře 2022 jsme si k Belli pořídili Beverly, aby měla možnost žít ve smečce. Zatím se zdá, že Bev se staví od počátku do pozice &#8222;alfy&#8220; (uvidíme, co přinese čas). Belli o Bev pečuje &#8211; chudák, uhýbá z pelechu, ze slunečných míst, olizuje Bev, když je mokrá, neustále snáší její dovádění.</p>



<hr class="wp-block-separator has-alpha-channel-opacity"/>



<p>Narozena: 20.12.2019 (druhorozená z pěti)</p>



<p>Barva: žíhaná</p>



<p>Výška: 39 cm</p>



<p>Strava: Barf</p>



<p><a href="https://www.eh-tu.cz/wp-content/uploads/2022/07/rodokmen-www-1-e1658895795211.jpg" data-type="attachment" data-id="217">Rodokmen</a>: </p>



<p>Matka: <a href="https://vivalavidaloca.webnode.cz/" target="_blank" rel="noreferrer noopener">Amia Kimombo</a></p>



<p>Otec: <a href="http://www.astheniabasenji.com/" target="_blank" rel="noreferrer noopener">Kwame Ekibondo</a></p>



<p><a rel="noreferrer noopener" href="https://www.eh-tu.cz/wp-content/uploads/2022/07/FS.jpg" data-type="attachment" data-id="218" target="_blank">Fanconio syndrom</a>: čistá</p>



<p><a href="http://www.eh-tu.cz/wp-content/uploads/2022/07/PRA.jpg" data-type="URL" data-id="http://www.eh-tu.cz/wp-content/uploads/2022/07/PRA.jpg">DNA PRA</a> B/1 normal/čistá</p>



<p><a rel="noreferrer noopener" href="https://www.eh-tu.cz/wp-content/uploads/2022/07/oci-PPM.jpg" data-type="attachment" data-id="220" target="_blank">Oči</a>: </p>



<p>PRA čistá </p>



<p>PPM Iris &#8211; Iris</p>



<p><a rel="noreferrer noopener" href="https://www.eh-tu.cz/wp-content/uploads/2022/07/Trigen.jpg" data-type="attachment" data-id="228" target="_blank">Trigen</a>: a<sup>y</sup>/a<sup>y</sup></p>



<p>Zuby: plnochrupá</p>



<p>Bonitace: 2021</p>



<hr class="wp-block-separator has-alpha-channel-opacity"/>



<p style="font-size:15px"><strong>Výstavy:</strong></p>



<p style="font-size:15px">VD &#8211; KV Chržín 2021 </p>



<p style="font-size:15px">VD &#8211; SV Dolní Morava  2021</p>



<p style="font-size:15px"><strong>V1 CAC NV BOS &#8211; NV Olomouc 2021</strong></p>



<p style="font-size:15px"><strong>Coursing:</strong></p>



<p style="font-size:15px"><strong>BKB Congo Cup Podmitrov 2022 &#8211; 1. místo, NEJ AMATÉR, BOS</strong></p>



<p style="font-size:15px">BKB Kongo Cup Křižanov 2025 &#8211; 4. místo </p>



<figure class="wp-block-gallery has-nested-images columns-default is-cropped wp-block-gallery-1 is-layout-flex wp-block-gallery-is-layout-flex">
<figure class="wp-block-image size-large"><img loading="lazy" decoding="async" width="1024" height="683" data-id="135" src="https://www.eh-tu.cz/wp-content/uploads/2022/07/DSC_0001-1024x683.jpg" alt="" class="wp-image-135" srcset="https://www.eh-tu.cz/wp-content/uploads/2022/07/DSC_0001-1024x683.jpg 1024w, https://www.eh-tu.cz/wp-content/uploads/2022/07/DSC_0001-300x200.jpg 300w, https://www.eh-tu.cz/wp-content/uploads/2022/07/DSC_0001-768x512.jpg 768w, https://www.eh-tu.cz/wp-content/uploads/2022/07/DSC_0001-1536x1024.jpg 1536w, https://www.eh-tu.cz/wp-content/uploads/2022/07/DSC_0001-2048x1365.jpg 2048w" sizes="auto, (max-width: 1024px) 100vw, 1024px" /></figure>
</figure>



<figure class="wp-block-image size-large"><img loading="lazy" decoding="async" width="1024" height="683" src="http://www.eh-tu.cz/wp-content/uploads/2022/08/DSC_6418-1024x683.jpg" alt="" class="wp-image-326" srcset="https://www.eh-tu.cz/wp-content/uploads/2022/08/DSC_6418-1024x683.jpg 1024w, https://www.eh-tu.cz/wp-content/uploads/2022/08/DSC_6418-300x200.jpg 300w, https://www.eh-tu.cz/wp-content/uploads/2022/08/DSC_6418-768x512.jpg 768w, https://www.eh-tu.cz/wp-content/uploads/2022/08/DSC_6418-1536x1024.jpg 1536w, https://www.eh-tu.cz/wp-content/uploads/2022/08/DSC_6418-2048x1365.jpg 2048w" sizes="auto, (max-width: 1024px) 100vw, 1024px" /></figure>

<p>Bellissimo Vita Viva la Vida Loca Bellissimo Vita (nádherný život) &#8211; to naše Belli prožívá. Belli je narozená ve stejný den, kdy odešla naše první fenečka Affra za duhový most. Ráda bych věřila, že ta psí dušička se pouze přestěhovala a v tělíčku Belli pokračuje její pouť na tomto světě :-). Belli je velice milá [&hellip;]</p>
