{"id":21,"date":"2022-06-27T13:47:24","date_gmt":"2022-06-27T13:47:24","guid":{"rendered":"https:\/\/www.eh-tu.cz\/?page_id=21"},"modified":"2026-01-30T10:51:43","modified_gmt":"2026-01-30T10:51:43","slug":"stenata","status":"publish","type":"page","link":"https:\/\/www.eh-tu.cz\/?page_id=21","title":{"rendered":"\u0160t\u011b\u0148ata"},"content":{"rendered":"\n<p class=\"has-pale-pink-color has-text-color has-link-color has-large-font-size wp-elements-dbc5809cc892b42856ebe4201f3cdd68\"><strong>VRH &#8222;B&#8220; &#8211; 17. 12. 2025<\/strong><\/p>\n\n\n\n<p class=\"has-pale-pink-color has-text-color has-link-color has-large-font-size wp-elements-0cae62c5f079c8f863cc149491e9db9b\"><strong>r\/w 273 g &#8211; pes &#8211; rezervovan\u00fd<\/strong> <\/p>\n\n\n\n<p class=\"has-vivid-red-color has-text-color has-link-color has-large-font-size wp-elements-888efdb6403e0dd45210564a61b7c8a6\"><strong>b\/w 268 g &#8211; pes &#8211; rezervovan\u00fd<\/strong><\/p>\n\n\n\n<figure class=\"wp-block-gallery has-nested-images columns-default is-cropped wp-block-gallery-1 is-layout-flex wp-block-gallery-is-layout-flex\">\n<figure class=\"wp-block-image size-large\"><img loading=\"lazy\" decoding=\"async\" width=\"1024\" height=\"683\" data-id=\"625\" src=\"https:\/\/www.eh-tu.cz\/wp-content\/uploads\/2025\/12\/IMG_0247-1024x683.jpg\" alt=\"\" class=\"wp-image-625\" srcset=\"https:\/\/www.eh-tu.cz\/wp-content\/uploads\/2025\/12\/IMG_0247-1024x683.jpg 1024w, https:\/\/www.eh-tu.cz\/wp-content\/uploads\/2025\/12\/IMG_0247-300x200.jpg 300w, https:\/\/www.eh-tu.cz\/wp-content\/uploads\/2025\/12\/IMG_0247-768x512.jpg 768w, https:\/\/www.eh-tu.cz\/wp-content\/uploads\/2025\/12\/IMG_0247-1536x1024.jpg 1536w, https:\/\/www.eh-tu.cz\/wp-content\/uploads\/2025\/12\/IMG_0247-2048x1365.jpg 2048w\" sizes=\"auto, (max-width: 1024px) 100vw, 1024px\" \/><\/figure>\n\n\n\n<figure class=\"wp-block-image size-large\"><img loading=\"lazy\" decoding=\"async\" width=\"1024\" height=\"684\" data-id=\"627\" src=\"https:\/\/www.eh-tu.cz\/wp-content\/uploads\/2025\/12\/IMG_0258-1024x684.jpg\" alt=\"\" class=\"wp-image-627\" srcset=\"https:\/\/www.eh-tu.cz\/wp-content\/uploads\/2025\/12\/IMG_0258-1024x684.jpg 1024w, https:\/\/www.eh-tu.cz\/wp-content\/uploads\/2025\/12\/IMG_0258-300x200.jpg 300w, https:\/\/www.eh-tu.cz\/wp-content\/uploads\/2025\/12\/IMG_0258-768x513.jpg 768w, https:\/\/www.eh-tu.cz\/wp-content\/uploads\/2025\/12\/IMG_0258-1536x1026.jpg 1536w, https:\/\/www.eh-tu.cz\/wp-content\/uploads\/2025\/12\/IMG_0258-2048x1368.jpg 2048w\" sizes=\"auto, (max-width: 1024px) 100vw, 1024px\" \/><\/figure>\n\n\n\n<figure class=\"wp-block-image size-large\"><img loading=\"lazy\" decoding=\"async\" width=\"1024\" height=\"684\" data-id=\"628\" src=\"https:\/\/www.eh-tu.cz\/wp-content\/uploads\/2025\/12\/IMG_0271-1024x684.jpg\" alt=\"\" class=\"wp-image-628\" srcset=\"https:\/\/www.eh-tu.cz\/wp-content\/uploads\/2025\/12\/IMG_0271-1024x684.jpg 1024w, https:\/\/www.eh-tu.cz\/wp-content\/uploads\/2025\/12\/IMG_0271-300x200.jpg 300w, https:\/\/www.eh-tu.cz\/wp-content\/uploads\/2025\/12\/IMG_0271-768x513.jpg 768w, https:\/\/www.eh-tu.cz\/wp-content\/uploads\/2025\/12\/IMG_0271-1536x1026.jpg 1536w, https:\/\/www.eh-tu.cz\/wp-content\/uploads\/2025\/12\/IMG_0271-2048x1368.jpg 2048w\" sizes=\"auto, (max-width: 1024px) 100vw, 1024px\" \/><\/figure>\n\n\n\n<figure class=\"wp-block-image size-large\"><img loading=\"lazy\" decoding=\"async\" width=\"1024\" height=\"684\" data-id=\"629\" src=\"https:\/\/www.eh-tu.cz\/wp-content\/uploads\/2025\/12\/IMG_0283-1024x684.jpg\" alt=\"\" class=\"wp-image-629\" srcset=\"https:\/\/www.eh-tu.cz\/wp-content\/uploads\/2025\/12\/IMG_0283-1024x684.jpg 1024w, https:\/\/www.eh-tu.cz\/wp-content\/uploads\/2025\/12\/IMG_0283-300x200.jpg 300w, https:\/\/www.eh-tu.cz\/wp-content\/uploads\/2025\/12\/IMG_0283-768x513.jpg 768w, https:\/\/www.eh-tu.cz\/wp-content\/uploads\/2025\/12\/IMG_0283-1536x1026.jpg 1536w, https:\/\/www.eh-tu.cz\/wp-content\/uploads\/2025\/12\/IMG_0283-2048x1368.jpg 2048w\" sizes=\"auto, (max-width: 1024px) 100vw, 1024px\" \/><\/figure>\n\n\n\n<figure class=\"wp-block-image size-large\"><img loading=\"lazy\" decoding=\"async\" width=\"1024\" height=\"684\" data-id=\"630\" src=\"https:\/\/www.eh-tu.cz\/wp-content\/uploads\/2025\/12\/IMG_0306-1024x684.jpg\" alt=\"\" class=\"wp-image-630\" srcset=\"https:\/\/www.eh-tu.cz\/wp-content\/uploads\/2025\/12\/IMG_0306-1024x684.jpg 1024w, https:\/\/www.eh-tu.cz\/wp-content\/uploads\/2025\/12\/IMG_0306-300x200.jpg 300w, https:\/\/www.eh-tu.cz\/wp-content\/uploads\/2025\/12\/IMG_0306-768x513.jpg 768w, https:\/\/www.eh-tu.cz\/wp-content\/uploads\/2025\/12\/IMG_0306-1536x1026.jpg 1536w, https:\/\/www.eh-tu.cz\/wp-content\/uploads\/2025\/12\/IMG_0306-2048x1368.jpg 2048w\" sizes=\"auto, (max-width: 1024px) 100vw, 1024px\" \/><\/figure>\n\n\n\n<figure class=\"wp-block-image size-large\"><img loading=\"lazy\" decoding=\"async\" width=\"1024\" height=\"684\" data-id=\"631\" src=\"https:\/\/www.eh-tu.cz\/wp-content\/uploads\/2025\/12\/IMG_0322-1024x684.jpg\" alt=\"\" class=\"wp-image-631\" srcset=\"https:\/\/www.eh-tu.cz\/wp-content\/uploads\/2025\/12\/IMG_0322-1024x684.jpg 1024w, https:\/\/www.eh-tu.cz\/wp-content\/uploads\/2025\/12\/IMG_0322-300x200.jpg 300w, https:\/\/www.eh-tu.cz\/wp-content\/uploads\/2025\/12\/IMG_0322-768x513.jpg 768w, https:\/\/www.eh-tu.cz\/wp-content\/uploads\/2025\/12\/IMG_0322-1536x1026.jpg 1536w, https:\/\/www.eh-tu.cz\/wp-content\/uploads\/2025\/12\/IMG_0322-2048x1368.jpg 2048w\" sizes=\"auto, (max-width: 1024px) 100vw, 1024px\" \/><\/figure>\n<\/figure>\n\n\n\n<hr class=\"wp-block-separator has-alpha-channel-opacity\"\/>\n\n\n\n<p class=\"has-black-color has-text-color has-link-color wp-elements-d3273bd82a8b6ec25cea824b6a696aa6\"><strong>VRH &#8222;A&#8220; &#8211; 14. 12. 2023<\/strong> &#8211; v\u0161echny na\u0161e \u0161t\u011b\u0148\u00e1tka maj\u00ed ji\u017e sv\u00e9 majitele<\/p>\n\n\n\n<figure class=\"wp-block-image size-large is-resized\"><img loading=\"lazy\" decoding=\"async\" width=\"1024\" height=\"1024\" src=\"http:\/\/www.eh-tu.cz\/wp-content\/uploads\/2023\/12\/vsichni-1024x1024.jpg\" alt=\"\" class=\"wp-image-476\" style=\"width:450px;height:auto\" srcset=\"https:\/\/www.eh-tu.cz\/wp-content\/uploads\/2023\/12\/vsichni-1024x1024.jpg 1024w, https:\/\/www.eh-tu.cz\/wp-content\/uploads\/2023\/12\/vsichni-300x300.jpg 300w, https:\/\/www.eh-tu.cz\/wp-content\/uploads\/2023\/12\/vsichni-150x150.jpg 150w, https:\/\/www.eh-tu.cz\/wp-content\/uploads\/2023\/12\/vsichni-768x768.jpg 768w, https:\/\/www.eh-tu.cz\/wp-content\/uploads\/2023\/12\/vsichni-1536x1536.jpg 1536w, https:\/\/www.eh-tu.cz\/wp-content\/uploads\/2023\/12\/vsichni.jpg 1870w\" sizes=\"auto, (max-width: 1024px) 100vw, 1024px\" \/><\/figure>\n\n\n\n<h2 class=\"wp-block-heading has-pale-pink-color has-text-color has-link-color has-large-font-size wp-elements-c62af3c2c13dda8e22d511b44fb9dcee\">ARTEMIS r\/w &#8211; export Finsko<\/h2>\n\n\n\n<h2 class=\"wp-block-heading has-cyan-bluish-gray-color has-text-color has-link-color has-small-font-size wp-elements-f07b401593fc36a6c6d37903ad12e995\"><img loading=\"lazy\" decoding=\"async\" width=\"150\" height=\"150\" class=\"wp-image-472\" style=\"width: 150px;\" src=\"http:\/\/www.eh-tu.cz\/wp-content\/uploads\/2023\/12\/Artemis-1jpg.jpg\" alt=\"\" srcset=\"https:\/\/www.eh-tu.cz\/wp-content\/uploads\/2023\/12\/Artemis-1jpg.jpg 1870w, https:\/\/www.eh-tu.cz\/wp-content\/uploads\/2023\/12\/Artemis-1jpg-300x300.jpg 300w, https:\/\/www.eh-tu.cz\/wp-content\/uploads\/2023\/12\/Artemis-1jpg-1024x1024.jpg 1024w, https:\/\/www.eh-tu.cz\/wp-content\/uploads\/2023\/12\/Artemis-1jpg-150x150.jpg 150w, https:\/\/www.eh-tu.cz\/wp-content\/uploads\/2023\/12\/Artemis-1jpg-768x768.jpg 768w, https:\/\/www.eh-tu.cz\/wp-content\/uploads\/2023\/12\/Artemis-1jpg-1536x1536.jpg 1536w\" sizes=\"auto, (max-width: 150px) 100vw, 150px\" \/>     <img loading=\"lazy\" decoding=\"async\" width=\"150\" height=\"150\" class=\"wp-image-475\" style=\"width: 150px;\" src=\"http:\/\/www.eh-tu.cz\/wp-content\/uploads\/2023\/12\/Artemis-bok.jpeg\" alt=\"\" srcset=\"https:\/\/www.eh-tu.cz\/wp-content\/uploads\/2023\/12\/Artemis-bok.jpeg 1870w, https:\/\/www.eh-tu.cz\/wp-content\/uploads\/2023\/12\/Artemis-bok-300x300.jpeg 300w, https:\/\/www.eh-tu.cz\/wp-content\/uploads\/2023\/12\/Artemis-bok-1024x1024.jpeg 1024w, https:\/\/www.eh-tu.cz\/wp-content\/uploads\/2023\/12\/Artemis-bok-150x150.jpeg 150w, https:\/\/www.eh-tu.cz\/wp-content\/uploads\/2023\/12\/Artemis-bok-768x768.jpeg 768w, https:\/\/www.eh-tu.cz\/wp-content\/uploads\/2023\/12\/Artemis-bok-1536x1536.jpeg 1536w\" sizes=\"auto, (max-width: 150px) 100vw, 150px\" \/><sup data-fn=\"ec042ed0-07b8-4a48-afcb-79594b61b4e1\" class=\"fn\"><a href=\"#ec042ed0-07b8-4a48-afcb-79594b61b4e1\" id=\"ec042ed0-07b8-4a48-afcb-79594b61b4e1-link\">1<\/a><\/sup><\/h2>\n\n\n\n<h2 class=\"wp-block-heading has-vivid-cyan-blue-color has-text-color has-link-color has-large-font-size wp-elements-9a770c64e2a5bf4dab285403461a66c1\">ARCTURUS bri &#8211; \u010cR <\/h2>\n\n\n\n<h2 class=\"wp-block-heading has-vivid-cyan-blue-color has-text-color has-link-color has-small-font-size wp-elements-fc2143a42af8dedf13bd2c49e9834dce\"> <img loading=\"lazy\" decoding=\"async\" width=\"150\" height=\"150\" class=\"wp-image-470\" style=\"width: 150px;\" src=\"http:\/\/www.eh-tu.cz\/wp-content\/uploads\/2023\/12\/Arcturus.jpg\" alt=\"\" srcset=\"https:\/\/www.eh-tu.cz\/wp-content\/uploads\/2023\/12\/Arcturus.jpg 1870w, https:\/\/www.eh-tu.cz\/wp-content\/uploads\/2023\/12\/Arcturus-300x300.jpg 300w, https:\/\/www.eh-tu.cz\/wp-content\/uploads\/2023\/12\/Arcturus-1024x1024.jpg 1024w, https:\/\/www.eh-tu.cz\/wp-content\/uploads\/2023\/12\/Arcturus-150x150.jpg 150w, https:\/\/www.eh-tu.cz\/wp-content\/uploads\/2023\/12\/Arcturus-768x768.jpg 768w, https:\/\/www.eh-tu.cz\/wp-content\/uploads\/2023\/12\/Arcturus-1536x1536.jpg 1536w\" sizes=\"auto, (max-width: 150px) 100vw, 150px\" \/>     <img loading=\"lazy\" decoding=\"async\" width=\"150\" height=\"150\" class=\"wp-image-471\" style=\"width: 150px;\" src=\"http:\/\/www.eh-tu.cz\/wp-content\/uploads\/2023\/12\/Arcturus-bok.jpeg\" alt=\"\" srcset=\"https:\/\/www.eh-tu.cz\/wp-content\/uploads\/2023\/12\/Arcturus-bok.jpeg 1870w, https:\/\/www.eh-tu.cz\/wp-content\/uploads\/2023\/12\/Arcturus-bok-300x300.jpeg 300w, https:\/\/www.eh-tu.cz\/wp-content\/uploads\/2023\/12\/Arcturus-bok-1024x1024.jpeg 1024w, https:\/\/www.eh-tu.cz\/wp-content\/uploads\/2023\/12\/Arcturus-bok-150x150.jpeg 150w, https:\/\/www.eh-tu.cz\/wp-content\/uploads\/2023\/12\/Arcturus-bok-768x768.jpeg 768w, https:\/\/www.eh-tu.cz\/wp-content\/uploads\/2023\/12\/Arcturus-bok-1536x1536.jpeg 1536w\" sizes=\"auto, (max-width: 150px) 100vw, 150px\" \/><sup data-fn=\"d9bc2bd3-a1b6-4e3e-b843-82c0d8925e2c\" class=\"fn\"><a href=\"#d9bc2bd3-a1b6-4e3e-b843-82c0d8925e2c\" id=\"d9bc2bd3-a1b6-4e3e-b843-82c0d8925e2c-link\">2<\/a><\/sup><\/h2>\n\n\n\n<h2 class=\"wp-block-heading has-vivid-cyan-blue-color has-text-color has-link-color has-large-font-size wp-elements-ec9e2f6c8127fd4efd5c010aab24a6b0\">ARAGORN bri &#8211; export \u0160pan\u011blsko\/\u0160v\u00e9dsko<\/h2>\n\n\n\n<p><img loading=\"lazy\" decoding=\"async\" width=\"150\" height=\"150\" class=\"wp-image-472\" style=\"width: 150px;\" src=\"http:\/\/www.eh-tu.cz\/wp-content\/uploads\/2023\/12\/Artemis-1jpg.jpg\" alt=\"\" srcset=\"https:\/\/www.eh-tu.cz\/wp-content\/uploads\/2023\/12\/Artemis-1jpg.jpg 1870w, https:\/\/www.eh-tu.cz\/wp-content\/uploads\/2023\/12\/Artemis-1jpg-300x300.jpg 300w, https:\/\/www.eh-tu.cz\/wp-content\/uploads\/2023\/12\/Artemis-1jpg-1024x1024.jpg 1024w, https:\/\/www.eh-tu.cz\/wp-content\/uploads\/2023\/12\/Artemis-1jpg-150x150.jpg 150w, https:\/\/www.eh-tu.cz\/wp-content\/uploads\/2023\/12\/Artemis-1jpg-768x768.jpg 768w, https:\/\/www.eh-tu.cz\/wp-content\/uploads\/2023\/12\/Artemis-1jpg-1536x1536.jpg 1536w\" sizes=\"auto, (max-width: 150px) 100vw, 150px\" \/>     <img loading=\"lazy\" decoding=\"async\" width=\"150\" height=\"150\" class=\"wp-image-467\" style=\"width: 150px;\" src=\"http:\/\/www.eh-tu.cz\/wp-content\/uploads\/2023\/12\/Aragorn-bok.jpeg\" alt=\"\" srcset=\"https:\/\/www.eh-tu.cz\/wp-content\/uploads\/2023\/12\/Aragorn-bok.jpeg 1870w, https:\/\/www.eh-tu.cz\/wp-content\/uploads\/2023\/12\/Aragorn-bok-300x300.jpeg 300w, https:\/\/www.eh-tu.cz\/wp-content\/uploads\/2023\/12\/Aragorn-bok-1024x1024.jpeg 1024w, https:\/\/www.eh-tu.cz\/wp-content\/uploads\/2023\/12\/Aragorn-bok-150x150.jpeg 150w, https:\/\/www.eh-tu.cz\/wp-content\/uploads\/2023\/12\/Aragorn-bok-768x768.jpeg 768w, https:\/\/www.eh-tu.cz\/wp-content\/uploads\/2023\/12\/Aragorn-bok-1536x1536.jpeg 1536w\" sizes=\"auto, (max-width: 150px) 100vw, 150px\" \/><sup data-fn=\"549ffff0-c666-40a2-b94b-6ee12e542708\" class=\"fn\"><a href=\"#549ffff0-c666-40a2-b94b-6ee12e542708\" id=\"549ffff0-c666-40a2-b94b-6ee12e542708-link\">3<\/a><\/sup> <\/p>\n\n\n<ol class=\"wp-block-footnotes\"><li id=\"ec042ed0-07b8-4a48-afcb-79594b61b4e1\">porodn\u00ed v\u00e1ha 240g <a href=\"#ec042ed0-07b8-4a48-afcb-79594b61b4e1-link\" aria-label=\"P\u0159esko\u010dit na odkaz na pozn\u00e1mku pod \u010darou 1\">\u21a9\ufe0e<\/a><\/li><li id=\"d9bc2bd3-a1b6-4e3e-b843-82c0d8925e2c\">porodn\u00ed v\u00e1ha 230g <a href=\"#d9bc2bd3-a1b6-4e3e-b843-82c0d8925e2c-link\" aria-label=\"P\u0159esko\u010dit na odkaz na pozn\u00e1mku pod \u010darou 2\">\u21a9\ufe0e<\/a><\/li><li id=\"549ffff0-c666-40a2-b94b-6ee12e542708\">porodn\u00ed v\u00e1ha 221 g <a href=\"#549ffff0-c666-40a2-b94b-6ee12e542708-link\" aria-label=\"P\u0159esko\u010dit na odkaz na pozn\u00e1mku pod \u010darou 3\">\u21a9\ufe0e<\/a><\/li><\/ol>","protected":false},"excerpt":{"rendered":"<p>VRH &#8222;B&#8220; &#8211; 17. 12. 2025 r\/w 273 g &#8211; pes &#8211; rezervovan\u00fd b\/w 268 g &#8211; pes &#8211; rezervovan\u00fd VRH &#8222;A&#8220; &#8211; 14. 12. 2023 &#8211; v\u0161echny na\u0161e \u0161t\u011b\u0148\u00e1tka maj\u00ed ji\u017e sv\u00e9 majitele ARTEMIS r\/w &#8211; export Finsko ARCTURUS bri &#8211; \u010cR ARAGORN bri &#8211; export \u0160pan\u011blsko\/\u0160v\u00e9dsko<\/p>\n","protected":false},"author":1,"featured_media":0,"parent":0,"menu_order":0,"comment_status":"closed","ping_status":"closed","template":"","meta":{"footnotes":"[{\"content\":\"porodn\u00ed v\u00e1ha 240g\",\"id\":\"ec042ed0-07b8-4a48-afcb-79594b61b4e1\"},{\"content\":\"porodn\u00ed v\u00e1ha 230g\",\"id\":\"d9bc2bd3-a1b6-4e3e-b843-82c0d8925e2c\"},{\"content\":\"porodn\u00ed v\u00e1ha 221 g\",\"id\":\"549ffff0-c666-40a2-b94b-6ee12e542708\"}]"},"class_list":["post-21","page","type-page","status-publish","hentry"],"_links":{"self":[{"href":"https:\/\/www.eh-tu.cz\/index.php?rest_route=\/wp\/v2\/pages\/21","targetHints":{"allow":["GET"]}}],"collection":[{"href":"https:\/\/www.eh-tu.cz\/index.php?rest_route=\/wp\/v2\/pages"}],"about":[{"href":"https:\/\/www.eh-tu.cz\/index.php?rest_route=\/wp\/v2\/types\/page"}],"author":[{"embeddable":true,"href":"https:\/\/www.eh-tu.cz\/index.php?rest_route=\/wp\/v2\/users\/1"}],"replies":[{"embeddable":true,"href":"https:\/\/www.eh-tu.cz\/index.php?rest_route=%2Fwp%2Fv2%2Fcomments&post=21"}],"version-history":[{"count":14,"href":"https:\/\/www.eh-tu.cz\/index.php?rest_route=\/wp\/v2\/pages\/21\/revisions"}],"predecessor-version":[{"id":645,"href":"https:\/\/www.eh-tu.cz\/index.php?rest_route=\/wp\/v2\/pages\/21\/revisions\/645"}],"wp:attachment":[{"href":"https:\/\/www.eh-tu.cz\/index.php?rest_route=%2Fwp%2Fv2%2Fmedia&parent=21"}],"curies":[{"name":"wp","href":"https:\/\/api.w.org\/{rel}","templated":true}]}}